z = -5*b + 18, 0 = -4*b + 3*b. Determine u(z).
-26
Let n(x) be the second derivative of 0*x**3 + 0 - 1/20*x**5 - 178*x + 0*x**4 + 1/2*x**2. Let c(l) = l + 1. Let z be c(1). Determine n(z).
-7
Suppose -5*r + 115 = 155. Let u be (-6)/(-9) - r/6. Let q(i) = -15*i + 1. Determine q(u).
-29
Let q(f) be the first derivative of -9*f**2/2 + 4*f - 132. Let n(j) = j + 1. Let h(z) = -4*n(z) + q(z). Determine h(-2).
26
Suppose 3*k - 1111 + 1108 = 0. Let b(i) be the third derivative of -2*i**5/15 - i**3/6 + 6*i**2. Give b(k).
-9
Let g be (-97)/(-4)*(-36)/(-9). Let w(n) = n - g*n**2 - 108*n**2 + 204*n**2 + 5. Determine w(3).
-1
Let y(t) be the first derivative of -44 - 1/3*t**3 - 1/4*t**4 + 1/2*t**2 + t. Give y(-1).
0
Suppose 0 = -5*d + 5*j + 30, 3*d - 2*j = -5*d + 12. Let s(h) = -h**3 - h**2 + 4*h + 6. Determine s(d).
6
Suppose 0 = o + 2*g - 3, -5*o = -3*g - 17 + 2. Let q = -59 - -61. Let x(b) = q*b**3 + 0*b**3 + b - 3 + b - 4*b**2 - b. Determine x(o).
18
Suppose 431*i - 428*i + 13 = -2*d, 2*i = 3*d. Let u(t) = 3 + t + 2*t - t + t**2. What is u(i)?
6
Let z(q) = 2*q**3 - q**2 - 32*q - 1. Let d(x) = 9*x**3 + 21*x**2 - 57*x - 1. Let j(s) = d(s) - z(s). Calculate j(-4).
4
Let h(l) = -37*l + 2. Let g be h(-1). Let r = -39 + g. Let c(y) = -y + 5 - 6 + r*y + 6. What is c(-4)?
9
Let k(y) be the first derivative of 12*y**2 - y - 1613. Calculate k(-1).
-25
Let y be (-1 - -3)*(-3 - 3/3). Let t(h) = -h**3 - 7*h**2 + 8*h + 3. Let n be t(y). Let k(d) = 3*d**2 + 8 - 2*d - 6 + 4*d**3 - 6*d**n. Calculate k(2).
-6
Let z(a) = a**3 - 33*a**2 - 4*a - 3. Let h(n) = n**3 - 16*n**2 - n. Let j(d) = -2*h(d) + z(d). Let t be (6/(-9))/(1/3). Determine j(t).
5
Suppose -6*j - 5*i = -11*j + 20, -4*i - 20 = 0. Let r(l) = 60*l**3 - l**2 - l - 1. Determine r(j).
-61
Let w(c) be the second derivative of c**4/4 - c**3/6 + c**2/2 + 29*c + 26. What is w(4)?
45
Let t(b) = -5*b**2 + 6*b + 3. Let r(z) = 4*z**2 - 3*z - 4. Let i(a) = 4*r(a) + 3*t(a). Suppose 0 = 3*q - 30*v + 31*v + 14, v = 3*q + 16. What is i(q)?
-12
Let s(r) = 76010*r - r**2 + 59 - 37976*r - 38006*r. Determine s(30).
-1
Let r(n) = 22*n + 71. Let m(b) = -27*b - 75. Let z(k) = 5*m(k) + 6*r(k). Give z(27).
-30
Let y be (0 + (-1 - 0))*1. Let m(v) = 11*v**2 + 2*v. Let b(o) = -51*o**2 - 10*o - 2. Let d(n) = -b(n) - 4*m(n). What is d(y)?
7
Let o be 7 + 2 + (-3 - -1). Let z(l) = -l**3 + l**2 + 2*l + 1. Let d(s) = 2*s**3 + 5*s**2 - 12*s - 8. Let c(m) = d(m) + 3*z(m). What is c(o)?
2
Let x = 1469 - 1475. Let q(s) = -s**3 - 8*s**2 - 17*s - 19. Determine q(x).
11
Let y = -6156 - -6152. Let o(c) = 4*c**2 + 18*c + 14. What is o(y)?
6
Let c(w) = w**2 + 3*w + 5. Let g(u) = 6*u**2 + 16*u + 27. Let a(f) = -11*c(f) + 2*g(f). Let j = 131 + -133. What is a(j)?
5
Let y = -14 + 14. Suppose 4*x + 3*b + 13 = y, 5*b = -x - 19 + 3. Let o(v) = 128*v - 64*v - 1 - 63*v. Give o(x).
-2
Let x = -5/52 + 9/26. Let o(v) be the first derivative of -10 + 7/3*v**3 - x*v**4 - 5*v - 5/2*v**2. Calculate o(6).
1
Let r(p) = 3*p + 16. Let b be r(-3). Let v be b/((-14)/(-8)) + 2. Let a(w) = w**3 - 7*w**2 + 5*w + 6. Calculate a(v).
0
Let j(y) be the first derivative of 3*y**2/2 + 119*y + 6065. What is j(-39)?
2
Let q(j) = -j - 3. Let i(b) = -10*b - 5. Let u be i(-5). Suppose 48*y = u*y. What is q(y)?
-3
Let y(l) = l**2 - 19*l - 44. Let x = 19800 + -19780. Determine y(x).
-24
Let q(n) = n**3 - 10*n**2 + 8*n + 4. Let v be 1/((13/15)/(-13)). Let h be (-9)/5*(v + 80/8). What is q(h)?
-5
Let d(f) be the first derivative of f**6/360 + f**5/120 - f**4/8 + 5*f**3/3 - 2*f**2 + 99. Let u(r) be the third derivative of d(r). Give u(0).
-3
Let c(m) = -53*m - 21. Let o(f) = -27*f - 11. Let d(t) = -6*c(t) + 11*o(t). Let u(g) = -21*g - 4. Let w(b) = -5*d(b) - 6*u(b). Determine w(-1).
-22
Let k(s) be the third derivative of -s**5/60 - s**4/6 + 5*s**3/6 + 5*s**2. Suppose -2 = -u, 7*u - 2*u = -m + 15. Suppose -31 + 6 = m*w. Calculate k(w).
0
Let x(p) = -16*p**3 + 2*p**2 - 2*p + 1. Suppose -11*k = -2*k. Suppose 33*b = 36*b - 5*u + 12, -5*u + 15 = k. Calculate x(b).
-15
Let k be -4*(-5 + 45/12). Let n(l) = 5*l**2 + 6*l + 7. Let h(y) = y**3 + y**2 + 1. Let o(w) = h(w) - n(w). Give o(k).
-11
Let p(x) = -x**2 - 8*x + 23. Let s be p(-11). Let t = 16 + s. Let a(k) = -3 + t - 2*k + k - 5. Calculate a(-7).
5
Let b(g) = -3*g**3 + 143*g**2 + 47*g + 39. Let z be b(48). Let o(j) = j**3 + 8*j**2 - j - 12. What is o(z)?
-84
Let u = -87 + 104. Let f(k) = 1 - 8 + 28*k - u*k + k**2 - 4. Determine f(-11).
-11
Let n(r) be the first derivative of -1/2*r**2 + 18 + 2*r. Determine n(0).
2
Let z(p) = -p**2 - 79*p - 436. Let d be z(-6). Let x(f) be the third derivative of 0 + 1/12*f**4 - d*f**3 - 20*f**2 + 0*f. Calculate x(8).
4
Suppose -38 = -8*w - 6. Suppose -w*u = k + 24, 4*u + 21 = 2*k + 9. Let b(h) = -h**3 - 6*h**2 - 5*h + 2. Determine b(k).
-10
Suppose 111*c + 117 = 114*c. Let q(d) = -24 - 22 - d + c. Determine q(6).
-13
Let c(m) = 5*m**3 + 87*m**2 + 376*m - 12. Let s be c(-8). Let n(d) = -7*d**2 - 85*d - 13. Determine n(s).
-1
Let f(p) = -2*p - 3. Let a be f(-4). Let i(x) be the first derivative of 1/2*x**2 + 6*x - 68. Calculate i(a).
11
Let f(s) = s**3 + s**2 + 3*s - 15. Let r(c) = -c**3 - c**2 + 12. Let g(j) = 3*f(j) + 4*r(j). Give g(4).
-41
Let j be (-125)/((-53125)/(-510))*10/6. Let v(a) = -3 + a**2 + 4 + 0. Give v(j).
5
Suppose 9*h - 8*h = -2. Let y = 4 + h. Let p(r) = -r - 19. Let a(b) = b + 14. Let g(k) = 4*a(k) + 3*p(k). What is g(y)?
1
Let h(f) = -f**3 + 5*f**2 + 4*f + 7. Let g(s) = 102*s - 300. Let c be g(3). Give h(c).
-5
Suppose 3*a + 69 - 81 = 0, -3*q - 38 = -2*a. Let t(h) = 5*h + 9. Determine t(q).
-41
Let t(k) = 4*k**2 - 29*k + 20. Let w(x) = 3*x**2 - 28*x + 23. Let l(v) = 6*t(v) - 7*w(v). What is l(2)?
15
Let s = 124 + -97. Suppose -j = l + 1, -2*j = s*l - 26*l + 3. Let d(y) = -9*y - 1. What is d(j)?
17
Let w(a) = 6946*a - 3476*a - 69 - 3436*a - a**2. Calculate w(32).
-5
Let r(d) be the first derivative of -d**4/4 - 35*d**3/3 - d**2 - 69*d + 1002. Calculate r(-35).
1
Let l(r) be the third derivative of -5*r**4/12 + 371*r**3/3 + 774*r**2 + 2*r. What is l(74)?
2
Let g be ((-8)/(-12))/(2/(-6)) - 70. Let m = g - -78. Let p(y) = -5 - 2*y - 5 + m. What is p(-5)?
6
Let x(q) be the third derivative of 9*q**4/8 + 437*q**3/6 - 7*q**2 - 8*q - 6. Calculate x(-16).
5
Let k(f) be the first derivative of f**3/3 + 23*f**2/2 + 47*f - 5586. Determine k(-24).
71
Let d(q) = -10*q**2 - 35*q + 37. Let l(k) be the second derivative of k**4/6 + 7*k**3/6 - 7*k**2/2 + 9*k - 2. Let u(f) = 2*d(f) + 11*l(f). What is u(-3)?
-6
Let y(z) = z**2 - 3*z - 1. Let u(a) = -3*a**2 + 9*a + 2. Let s(j) = 6*u(j) + 17*y(j). Let g(i) = 5*i**2 + 53*i - 13. Let o be g(-11). Calculate s(o).
-59
Let d = -5413 + 5408. Let w(g) = 10*g + 24. What is w(d)?
-26
Suppose 33*o + 18 = 36*o + 4*l, -2*o + 2*l + 26 = 0. Let i(f) = -5*f - 4. Let g(t) = -11*t - 9. Let m(z) = -4*g(z) + 9*i(z). Determine m(o).
-10
Let j(l) = -8*l**2 + 5*l - 4. Let k(z) = -9*z**2 + 8*z - 4. Let n(d) = 4*j(d) - 3*k(d). What is n(-1)?
-5
Let i(u) = -21*u - 17. Suppose p + 3*m + 106 - 73 = 0, 0 = 2*p + 4*m + 50. What is i(p)?
172
Let r(l) = 204*l**3 - 4*l**2 + 2*l + 7. Let b(h) = -101*h**3 + 2*h**2 - h - 3. Let a(n) = 5*b(n) + 2*r(n). Calculate a(1).
-97
Let n(k) be the second derivative of -1/20*k**5 + 37/2*k**2 - 4/3*k**4 + 1/3*k**3 - 1 + 231*k. What is n(-16)?
5
Let d(u) = -u**3 - 6*u**2 + 8*u. Let c be d(-7). Let n(z) = 6 + 14 + 10 - 59 + z**2 + 6*z + 7 + 12. Calculate n(c).
-3
Let y(h) be the third derivative of h**6/60 + 11*h**5/60 - 5*h**4/8 - 23*h**3/3 - 128*h**2 - 7*h + 4. Determine y(-6).
8
Let z(f) = -2*f**3 - 5*f**2 + 5*f + 12. Let d(n) = -526*n - 8420. Let a be d(-16). Calculate z(a).
40
Let s(l) = 4*l + 4*l**2 - 2 - 5*l**2 - l**2. Let u be 888/(-148) + 16/2. Determine s(u).
-2
Suppose -14*i = 81 - 137. Let j(a) = a**2 - 2*a - 12. Calculate j(i).
-4
Let l(j) be the first derivative of 2 - 1/2*j**2 - 5*j. Let b be -5 - 232/(-48) - 3*(-4)/72. Calculate l(b).
-5
Let x(v) be the first derivative of 1/2*v**2 + 1/4*v**4 + 6*v - 103 + 4*v**3. Determine x(-12).
-6
Let g be (-30)/(-8) + (-6)/(-24). Let b(d) be the first derivative of d**4/4 - 5*d**3/3 + 3*d**2/2 + 5*d + 3813. What is b(g)?
1
Let g(n) = -3 - 961*n - 964*n - 955*n + n**2 - 957*n + 3834*n. Suppose 9 = -0*i - i